{"id":1331,"date":"2022-07-07T13:31:59","date_gmt":"2022-07-07T11:31:59","guid":{"rendered":"https:\/\/diocesi.concordia-pordenone.it\/catechistico\/?page_id=1331"},"modified":"2022-07-25T12:18:55","modified_gmt":"2022-07-25T10:18:55","slug":"the-little-angels","status":"publish","type":"page","link":"https:\/\/diocesi.concordia-pordenone.it\/catechistico\/the-little-angels\/","title":{"rendered":"The Little Angels"},"content":{"rendered":"<div id=\"pl-1331\"  class=\"panel-layout\" ><div id=\"pg-1331-0\"  class=\"panel-grid panel-has-style\" ><div class=\"row grid-x panel-row-style panel-row-style-for-1331-0\" ><div id=\"pgc-1331-0-0\"  class=\"panel-grid-cell cell columns small-12 medium-9\" ><div id=\"panel-1331-0-0-0\" class=\"so-panel widget widget_siteorigin-panels-post-content panel-first-child\" data-index=\"0\" ><div style=\";background-repeat:repeat;\" class=\"panel-widget-style panel-widget-style-for-1331-0-0-0\" ><h1 class=\"entry-title\">The Little Angels<\/h1><\/div><\/div><div id=\"panel-1331-0-0-1\" class=\"so-panel widget widget_sow-image\" data-index=\"1\" ><div style=\";background-repeat:repeat;\" class=\"panel-widget-style panel-widget-style-for-1331-0-0-1\" ><div\n\t\t\t\n\t\t\tclass=\"so-widget-sow-image so-widget-sow-image-default-8b5b6f678277-1331\"\n\t\t\t\n\t\t>\n\n<div class=\"sow-image-container\">\n\t\t<img loading=\"lazy\" decoding=\"async\" src=\"https:\/\/diocesi.concordia-pordenone.it\/catechistico\/wp-content\/uploads\/sites\/4\/2021\/06\/little-angel-1.jpg\" width=\"697\" height=\"466\" srcset=\"https:\/\/diocesi.concordia-pordenone.it\/catechistico\/wp-content\/uploads\/sites\/4\/2021\/06\/little-angel-1.jpg 697w, https:\/\/diocesi.concordia-pordenone.it\/catechistico\/wp-content\/uploads\/sites\/4\/2021\/06\/little-angel-1-300x201.jpg 300w, https:\/\/diocesi.concordia-pordenone.it\/catechistico\/wp-content\/uploads\/sites\/4\/2021\/06\/little-angel-1-600x401.jpg 600w, https:\/\/diocesi.concordia-pordenone.it\/catechistico\/wp-content\/uploads\/sites\/4\/2021\/06\/little-angel-1-272x182.jpg 272w\" sizes=\"auto, (max-width: 697px) 100vw, 697px\" title=\"little-angel\" alt=\"\" \t\tclass=\"so-widget-image\"\/>\n\t<\/div>\n\n<\/div><\/div><\/div><div id=\"panel-1331-0-0-2\" class=\"so-panel widget widget_sow-editor panel-last-child\" data-index=\"2\" ><div style=\";background-repeat:repeat;\" class=\"panel-widget-style panel-widget-style-for-1331-0-0-2\" ><div\n\t\t\t\n\t\t\tclass=\"so-widget-sow-editor so-widget-sow-editor-base\"\n\t\t\t\n\t\t>\n<div class=\"siteorigin-widget-tinymce textwidget\">\n\t<div>Se desiderate conoscere meglio questa proposta diocesana o raccontarci come l'avete trasformata nella vostra parrocchia indicandoci quali materiali vi sono serviti di pi\u00f9, come li avete personalizzati, qual \u00e8 stata la risposta della comunit\u00e0, che cosa pensate servirebbe di diverso o ad integrazione di quanto proposto potete contattarci telefonicamente (tel. 0434 221 221; dal luned\u00ec al venerd\u00ec, dalle ore 8.30 alle ore 12.30) oppure scriverci a thelittleangels@diocesiconcordiapordenone.it<\/div>\n<p>&nbsp;<\/p>\n<p>L\u2019\u00e9quipe \u00e8 composta da:<\/p>\n<p>Raffaella Rosset<br \/>\nDaniele Menolotto<br \/>\nGenny China<br \/>\nGianluca Perissotto<br \/>\nIrene Brusadin<br \/>\nMaria Rosa Salmi<br \/>\nPaola Vedova<br \/>\nStefania Giusto<br \/>\nValentina Tassan<\/p>\n<\/div>\n<\/div><\/div><\/div><\/div><div id=\"pgc-1331-0-1\"  class=\"panel-grid-cell cell columns small-12 medium-3\" ><div id=\"panel-1331-0-1-0\" class=\"so-panel widget widget_sow-editor panel-first-child\" data-index=\"3\" ><div style=\";background-repeat:repeat;\" class=\"panel-widget-style panel-widget-style-for-1331-0-1-0\" ><div\n\t\t\t\n\t\t\tclass=\"so-widget-sow-editor so-widget-sow-editor-base\"\n\t\t\t\n\t\t>\n<div class=\"siteorigin-widget-tinymce textwidget\">\n\t<\/div>\n<\/div><\/div><\/div><div id=\"panel-1331-0-1-1\" class=\"so-panel widget widget_sow-editor panel-last-child\" data-index=\"4\" ><div style=\";background-repeat:repeat;\" class=\"panel-widget-style panel-widget-style-for-1331-0-1-1\" ><div\n\t\t\t\n\t\t\tclass=\"so-widget-sow-editor so-widget-sow-editor-base\"\n\t\t\t\n\t\t>\n<div class=\"siteorigin-widget-tinymce textwidget\">\n\t<h4><a href=\"https:\/\/diocesi.concordia-pordenone.it\/catechistico\/category\/tla-per-saperne-di-piu\/\"><strong>Per saperne di pi\u00f9<\/strong><\/a><\/h4>\n<hr \/>\n<h4><a href=\"https:\/\/diocesi.concordia-pordenone.it\/catechistico\/category\/tla-catechesi-in-cantiere-idee-e-materiali\/\"><strong>Catechesi in cantiere...idee e materiali<\/strong><\/a><\/h4>\n<hr \/>\n<h4><a href=\"https:\/\/diocesi.concordia-pordenone.it\/catechistico\/category\/prossimi-appuntamenti\/\"><strong>Prossimi appuntamenti\u00a0<\/strong><\/a><\/h4>\n<hr \/>\n<p>&nbsp;<\/p>\n<\/div>\n<\/div><\/div><\/div><\/div><\/div><\/div><\/div>","protected":false},"excerpt":{"rendered":"<p>Se desiderate conoscere meglio questa proposta diocesana o raccontarci come l&#8217;avete trasformata nella vostra parrocchia indicandoci quali materiali vi sono serviti di pi\u00f9, come li avete personalizzati, qual \u00e8 stata la risposta della comunit\u00e0, che cosa pensate servirebbe di diverso o ad integrazione di quanto proposto potete contattarci telefonicamente (tel. 0434 221 221; dal luned\u00ec al venerd\u00ec, dalle ore 8.30 alle ore 12.30) oppure scriverci &hellip; <a href=\"https:\/\/diocesi.concordia-pordenone.it\/catechistico\/the-little-angels\/\" class=\"more-link\">Continue reading <span class=\"screen-reader-text\"><\/span> <span class=\"meta-nav\">&raquo;<\/span><\/a><\/p>\n","protected":false},"author":0,"featured_media":0,"parent":0,"menu_order":0,"comment_status":"closed","ping_status":"closed","template":"","meta":{"_acf_changed":false,"footnotes":""},"class_list":["post-1331","page","type-page","status-publish","hentry"],"acf":{"seed-localization-paese-cod":"","seed-localization-address":"","seed-localization-citta":"","seed-localization-regione-cod-istat":"","seed-localization-citta-cod-istat":"","seed-localization-localita":"","seed-localization-cap":"","seed-localization-geo":{"lat":41.9053433,"lng":12.5099945,"zoom":10,"markers":[],"address":"","layers":["OpenStreetMap.Mapnik"],"version":"1.3.2"},"seed-localization-marker-visibility":false,"seed-localization-children-visibility":false,"seed-localization-kml":"","seed-localization-custom-marker":""},"_links":{"self":[{"href":"https:\/\/diocesi.concordia-pordenone.it\/catechistico\/wp-json\/wp\/v2\/pages\/1331","targetHints":{"allow":["GET"]}}],"collection":[{"href":"https:\/\/diocesi.concordia-pordenone.it\/catechistico\/wp-json\/wp\/v2\/pages"}],"about":[{"href":"https:\/\/diocesi.concordia-pordenone.it\/catechistico\/wp-json\/wp\/v2\/types\/page"}],"author":[{"embeddable":true,"href":"https:\/\/diocesi.concordia-pordenone.it\/catechistico\/wp-json\/wp\/v2\/users\/5"}],"replies":[{"embeddable":true,"href":"https:\/\/diocesi.concordia-pordenone.it\/catechistico\/wp-json\/wp\/v2\/comments?post=1331"}],"version-history":[{"count":6,"href":"https:\/\/diocesi.concordia-pordenone.it\/catechistico\/wp-json\/wp\/v2\/pages\/1331\/revisions"}],"predecessor-version":[{"id":1449,"href":"https:\/\/diocesi.concordia-pordenone.it\/catechistico\/wp-json\/wp\/v2\/pages\/1331\/revisions\/1449"}],"wp:attachment":[{"href":"https:\/\/diocesi.concordia-pordenone.it\/catechistico\/wp-json\/wp\/v2\/media?parent=1331"}],"curies":[{"name":"wp","href":"https:\/\/api.w.org\/{rel}","templated":true}]}}