{"id":288,"date":"2021-10-12T09:58:54","date_gmt":"2021-10-12T07:58:54","guid":{"rendered":"https:\/\/diocesi.concordia-pordenone.it\/missionario\/?page_id=288"},"modified":"2021-10-28T09:38:06","modified_gmt":"2021-10-28T07:38:06","slug":"contatti","status":"publish","type":"page","link":"https:\/\/diocesi.concordia-pordenone.it\/missionario\/contatti\/","title":{"rendered":"Contatti"},"content":{"rendered":"<div>Via Revedole, 1<\/div>\n<div>33170 PORDENONE<\/div>\n<div>\n<div><strong>Tel.\u00a0<\/strong>0434.221233<\/div>\n<div><strong>e-mail:\u00a0<\/strong><a href=\"mailto:missioni@diocesiconcordiapordenone.it\">missioni@diocesiconcordiapordenone.it<\/a><\/div>\n<div><strong>Orario:<\/strong>\u00a0dal luned\u00ec al venerd\u00ec ore 9.00-12.00<\/div>\n<div><\/div>\n<\/div>\n<div><strong>Direttore:<\/strong> Alex Zappal\u00e0<\/div>\n<div><strong>Vice-direttore:<\/strong> Padre Tarcisio Candian<\/div>\n","protected":false},"excerpt":{"rendered":"<p>Via Revedole, 1 33170 PORDENONE Tel.\u00a00434.221233 e-mail:\u00a0missioni@diocesiconcordiapordenone.it Orario:\u00a0dal luned\u00ec al venerd\u00ec ore 9.00-12.00 Direttore: Alex Zappal\u00e0 Vice-direttore: Padre Tarcisio Candian<\/p>\n","protected":false},"author":0,"featured_media":0,"parent":0,"menu_order":0,"comment_status":"closed","ping_status":"closed","template":"","meta":{"_acf_changed":false,"footnotes":""},"class_list":["post-288","page","type-page","status-publish","hentry"],"acf":{"seed-localization-paese-cod":"","seed-localization-address":"","seed-localization-citta":"","seed-localization-regione-cod-istat":"","seed-localization-citta-cod-istat":"","seed-localization-localita":"","seed-localization-cap":"","seed-localization-geo":{"lat":41.90552298770031,"lng":12.509441971778871,"zoom":10,"markers":[],"address":"","layers":["OpenStreetMap.Mapnik"]},"seed-localization-marker-visibility":false,"seed-localization-children-visibility":false,"seed-localization-kml":null,"seed-localization-custom-marker":null},"_links":{"self":[{"href":"https:\/\/diocesi.concordia-pordenone.it\/missionario\/wp-json\/wp\/v2\/pages\/288","targetHints":{"allow":["GET"]}}],"collection":[{"href":"https:\/\/diocesi.concordia-pordenone.it\/missionario\/wp-json\/wp\/v2\/pages"}],"about":[{"href":"https:\/\/diocesi.concordia-pordenone.it\/missionario\/wp-json\/wp\/v2\/types\/page"}],"author":[{"embeddable":true,"href":"https:\/\/diocesi.concordia-pordenone.it\/missionario\/wp-json\/wp\/v2\/users\/5"}],"replies":[{"embeddable":true,"href":"https:\/\/diocesi.concordia-pordenone.it\/missionario\/wp-json\/wp\/v2\/comments?post=288"}],"version-history":[{"count":4,"href":"https:\/\/diocesi.concordia-pordenone.it\/missionario\/wp-json\/wp\/v2\/pages\/288\/revisions"}],"predecessor-version":[{"id":356,"href":"https:\/\/diocesi.concordia-pordenone.it\/missionario\/wp-json\/wp\/v2\/pages\/288\/revisions\/356"}],"wp:attachment":[{"href":"https:\/\/diocesi.concordia-pordenone.it\/missionario\/wp-json\/wp\/v2\/media?parent=288"}],"curies":[{"name":"wp","href":"https:\/\/api.w.org\/{rel}","templated":true}]}}